{"id":75,"date":"2020-04-02T12:24:30","date_gmt":"2020-04-02T10:24:30","guid":{"rendered":"http:\/\/car-media-shop.de\/?post_type=product&#038;p=75"},"modified":"2020-04-02T12:24:30","modified_gmt":"2020-04-02T10:24:30","slug":"snapper-can-bus-alarm-k-i-s-s-mit-radarsensor","status":"publish","type":"product","link":"https:\/\/car-media-shop.de\/?product=snapper-can-bus-alarm-k-i-s-s-mit-radarsensor","title":{"rendered":"SNAPPER CAN BUS Alarm K.I.S.S. mit Radarsensor"},"content":{"rendered":"<p>SNAPPER CAN\u00a0BUS\u00a0Alarmsystem inkl. K.I.S.S. Technologie<\/p>\n<p>Das Alarmsystem kann nur mit den von uns gelieferten Fernbedienungen deaktiviert werden<br \/>\nund bietet daher einen optimalen Schutz gegen Keyless Entry Manipulationen<\/p>\n<p>Wird geschaltet durch bereits im PKW vorhandenen CAN DATEN BUS und externer Fernbedienung.<br \/>\n<strong>Ideal f\u00fcr Fahrzeuge mit vorhandenen Werks- (Original) Fernbedienungen.<\/strong><br \/>\n&#8211; Kein externes Programmierger\u00e4t erforderlich! Einstellungen erfolgen direkt am Ger\u00e4t<br \/>\n&#8211; universell in Fahrzeuge mit CAN DATEN BUS einsetzbar<br \/>\n&#8211; Hersteller, Typ und Baujahr aus Liste ausw\u00e4hlen, eintippen, fertig!<br \/>\n&#8211; Aktuelle Herstellerliste im Service-Forum!<br \/>\n&#8211; Anti HiJacking Funktion (in EU nicht zugelassen)<br \/>\n&#8211; Abschaltung der Sensoren per Servicetaster<br \/>\n&#8211; Blinkleuchtensteuerung direkt aber auch am Warnblinkschalter m\u00f6glich (einfache 1-Kabell\u00f6sung)<br \/>\n&#8211; Akustischer Quittungston<br \/>\n&#8211; Betrieb f\u00fcr bis zu 3 Sensoren<br \/>\n&#8211; Vorwarnung einstellbar (in EU nicht zugelassen)<br \/>\n&#8211; Anschluss f\u00fcr Zweitsirene und GSM\/GPS Ortung<br \/>\n&#8211; Ansteuerung f\u00fcr Komfortschliessung (automatisches Schliessen von Fenster und Schiebedach)<br \/>\n&#8211; Ansteuerung der ZV Schliessung wenn Fahrzeug &gt;50km\/h (nur in einigen Fahrzeugen m\u00f6glich)<br \/>\n&#8211; Anschluss mit nur wenigen Leitungen<br \/>\n&#8211; E-Zulassung<br \/>\n&#8211; Lieferung inkl. 2-Zonen-Mikrowellen \/ Radarsensor, 2x 3-Tasten Fernbedienung, Sirene, LED, Y-Adapter und Motorhaubenkontakt!<\/p>\n<p><strong>PEKATRONIC 2-Zonen-Mikrowellen \/ Radarsensor<\/strong><\/p>\n<p lang=\"de-DE\" align=\"JUSTIFY\">Der 2-Zonen Mikrowellen Radarsensor von PEKATRONIC wird zum zus\u00e4tzlichen Schutz des Innenraums eingesetzt. Durch die 2-Zonen-Technologie ist eine zus\u00e4tzliche Vorwarnung m\u00f6glich. Die Mikrowellentechnologie gestattet den Betrieb auch bei ge\u00f6ffnetem Fahrzeug, daher auch bestens geeignet zum Schutz von Cabrios.<\/p>\n<p align=\"JUSTIFY\"><span lang=\"de-DE\">Eingebauter Spezialfilter gegen Fehlalarm verursacht durch Hochfrequenzst\u00f6rungen z.B. durch Mobiltelefone oder sonstige St\u00f6rsender. Erstmalig k\u00f6nnen Mobiltelefone im Fahrzeug verbleiben, ein eingehender Anruf verursacht keinen Fehlalarm .<\/span><\/p>\n<p>&#8211; 2 Kanal Vorwarnstufensystem<br \/>\n&#8211; erste Vorwarnstufe meldet Bewegung ausserhalb des Fahrzeugs<br \/>\n&#8211; zweite Stufe l\u00f6st Vollalarm aus!<br \/>\n&#8211; jede Zone durch eigenen Regler einstellbar<br \/>\n&#8211; gr\u00fcne LED f\u00fcr Voralarm<br \/>\n&#8211; rote LED f\u00fcr Hauptalarm<\/p>\n","protected":false},"excerpt":{"rendered":"<p>SNAPPER CAN BUS Alarm K.I.S.S. mit Radarsensor<\/p>\n","protected":false},"featured_media":52,"comment_status":"open","ping_status":"closed","template":"","meta":[],"product_brand":[],"product_cat":[26],"product_tag":[],"class_list":{"0":"post-75","1":"product","2":"type-product","3":"status-publish","4":"has-post-thumbnail","6":"product_cat-snapper-canbus-alarmsysteme","8":"first","9":"instock","10":"taxable","11":"shipping-taxable","12":"purchasable","13":"product-type-simple"},"jetpack_sharing_enabled":true,"_links":{"self":[{"href":"https:\/\/car-media-shop.de\/index.php?rest_route=\/wp\/v2\/product\/75","targetHints":{"allow":["GET"]}}],"collection":[{"href":"https:\/\/car-media-shop.de\/index.php?rest_route=\/wp\/v2\/product"}],"about":[{"href":"https:\/\/car-media-shop.de\/index.php?rest_route=\/wp\/v2\/types\/product"}],"replies":[{"embeddable":true,"href":"https:\/\/car-media-shop.de\/index.php?rest_route=%2Fwp%2Fv2%2Fcomments&post=75"}],"wp:featuredmedia":[{"embeddable":true,"href":"https:\/\/car-media-shop.de\/index.php?rest_route=\/wp\/v2\/media\/52"}],"wp:attachment":[{"href":"https:\/\/car-media-shop.de\/index.php?rest_route=%2Fwp%2Fv2%2Fmedia&parent=75"}],"wp:term":[{"taxonomy":"product_brand","embeddable":true,"href":"https:\/\/car-media-shop.de\/index.php?rest_route=%2Fwp%2Fv2%2Fproduct_brand&post=75"},{"taxonomy":"product_cat","embeddable":true,"href":"https:\/\/car-media-shop.de\/index.php?rest_route=%2Fwp%2Fv2%2Fproduct_cat&post=75"},{"taxonomy":"product_tag","embeddable":true,"href":"https:\/\/car-media-shop.de\/index.php?rest_route=%2Fwp%2Fv2%2Fproduct_tag&post=75"}],"curies":[{"name":"wp","href":"https:\/\/api.w.org\/{rel}","templated":true}]}}