{"id":126,"date":"2020-04-02T13:05:31","date_gmt":"2020-04-02T11:05:31","guid":{"rendered":"http:\/\/car-media-shop.de\/?post_type=product&#038;p=126"},"modified":"2024-06-20T08:19:35","modified_gmt":"2024-06-20T06:19:35","slug":"y-adapter-fuer-sensoren","status":"publish","type":"product","link":"https:\/\/car-media-shop.de\/?product=y-adapter-fuer-sensoren","title":{"rendered":"Y- Adapter f\u00fcr Sensoren"},"content":{"rendered":"<div lang=\"de-DE\" align=\"JUSTIFY\">\n<div class=\"western\">\n<p>Mit Hilfe des Y-Adapters k\u00f6nnen Sie 2 Sensoren mit der Alarmanlage verbinden.<br \/>\n4 Dioden auf der Platine sch\u00fctzen die Sensoren und sorgen f\u00fcr einen st\u00f6rungfreien Betrieb.<br \/>\nDie Arbeitserleichterung &#8222;schlechthin&#8220; zitiert unser Mitarbeiter Lutz Sander.<br \/>\nErsparnis mindestens 30 Minuten!!!<\/p>\n<\/div>\n<\/div>\n","protected":false},"excerpt":{"rendered":"<p>Y- Adapter f\u00fcr Sensoren<\/p>\n","protected":false},"featured_media":53,"comment_status":"open","ping_status":"closed","template":"","meta":[],"product_brand":[],"product_cat":[30],"product_tag":[],"class_list":{"0":"post-126","1":"product","2":"type-product","3":"status-publish","4":"has-post-thumbnail","6":"product_cat-alarmanlagen-zubehoer","8":"first","9":"outofstock","10":"taxable","11":"shipping-taxable","12":"purchasable","13":"product-type-simple"},"jetpack_sharing_enabled":true,"_links":{"self":[{"href":"https:\/\/car-media-shop.de\/index.php?rest_route=\/wp\/v2\/product\/126","targetHints":{"allow":["GET"]}}],"collection":[{"href":"https:\/\/car-media-shop.de\/index.php?rest_route=\/wp\/v2\/product"}],"about":[{"href":"https:\/\/car-media-shop.de\/index.php?rest_route=\/wp\/v2\/types\/product"}],"replies":[{"embeddable":true,"href":"https:\/\/car-media-shop.de\/index.php?rest_route=%2Fwp%2Fv2%2Fcomments&post=126"}],"wp:featuredmedia":[{"embeddable":true,"href":"https:\/\/car-media-shop.de\/index.php?rest_route=\/wp\/v2\/media\/53"}],"wp:attachment":[{"href":"https:\/\/car-media-shop.de\/index.php?rest_route=%2Fwp%2Fv2%2Fmedia&parent=126"}],"wp:term":[{"taxonomy":"product_brand","embeddable":true,"href":"https:\/\/car-media-shop.de\/index.php?rest_route=%2Fwp%2Fv2%2Fproduct_brand&post=126"},{"taxonomy":"product_cat","embeddable":true,"href":"https:\/\/car-media-shop.de\/index.php?rest_route=%2Fwp%2Fv2%2Fproduct_cat&post=126"},{"taxonomy":"product_tag","embeddable":true,"href":"https:\/\/car-media-shop.de\/index.php?rest_route=%2Fwp%2Fv2%2Fproduct_tag&post=126"}],"curies":[{"name":"wp","href":"https:\/\/api.w.org\/{rel}","templated":true}]}}